2 + 2*u + 2. What is r(a)?
-10
Let b = 6 - 8. Let i be (4 + b)*(-5)/(-2). Let c(d) = -d**2 - 6*d + 6. Let t(n) = n**2. Let m(j) = -c(j) - 2*t(j). Give m(i).
-1
Let j be (-5)/2*(-1 + 3). Let t(s) = -s**2 - 4*s - 6. Calculate t(j).
-11
Let w(f) = 6*f + 5. Let d(h) = 18*h + 14. Let u(n) = 4*d(n) - 11*w(n). Let r(c) = -2*c - 13. Let o = 5 + -12. Let g be r(o). Calculate u(g).
7
Let b = 22 + -15. Let q(t) = -2 - 6*t**2 + b*t + 2*t**2 + 6 - t**3. Give q(-5).
-6
Let m(w) = 8 - w - 10*w**3 + 0 - 7 - w**2. Calculate m(1).
-11
Let q(t) = 2*t**2 + 6*t - 6. Let m = -16 - -11. Let g be q(m). Suppose 0 = -3*s + 5*d + g, 5*s - 10 = -0*d + 5*d. Let n(y) = y + 1. What is n(s)?
-1
Let s(o) = -o**3 + 5*o**2 + 2*o - 3. Let r(t) = 2*t**2 - 24*t + 26. Let g be r(11). Calculate s(g).
21
Let v(a) be the first derivative of a**5/20 - a**4/4 + a**3/3 - a**2/2 - 2*a + 7. Let s(y) be the first derivative of v(y). What is s(3)?
5
Let h(v) be the second derivative of v**3/6 - 3*v**2 - 26*v. What is h(-6)?
-12
Let o(m) = -m**3 + m**2 + m - 9. Let y be -1*0*(-4)/4. Calculate o(y).
-9
Let a(s) = -s**2 - 5. Let u be (5/3)/((-1)/3). Let d = 5 + u. Let z be d/((-2)/(-1 - 0)). Give a(z).
-5
Let b(s) = -s - 3. Let c be -1 - (-30)/25 - 26/5. Give b(c).
2
Suppose 0 = s + 4*w + 1 + 4, s - 2*w - 1 = 0. Let h(m) = -18*m**3 - 2*m**2 - 2*m - 1. What is h(s)?
17
Let m = -74 - -75. Let q(b) = 13*b**3 + 1. Determine q(m).
14
Let g(t) = -5*t - 3. Let o(y) = -10*y + 5. Let w(h) = -9*h + 4. Let p(j) = 6*o(j) - 7*w(j). Let s(c) = 4*g(c) + 7*p(c). Determine s(-4).
-2
Suppose m = -2*z + 25, 3*z - 3*m - m - 10 = 0. Suppose -2*d + 0 - z = 0. Let f(h) = h. Let q(i) = 2*i. Let s(g) = -3*f(g) + q(g). What is s(d)?
5
Suppose -4*x + 14 = 4*c + 34, -3*x + 3*c = 3. Let l(v) = -2*v + 4. Let j(s) = -5*s + 13. Let d(o) = x*j(o) + 8*l(o). Determine d(0).
-7
Let w(q) be the second derivative of -q**3/2 - 3*q**2/2 - 4*q. What is w(-3)?
6
Let z be ((-6)/8 - -1)*4. Let g(i) = 3*i + 0*i - 1 - 2*i - z. Suppose -5*n = 6 - 26. Determine g(n).
2
Suppose 0 = f - 3*d + 4, 0 = 2*f - 3*d - 1. Let h be 0 + f + 0 + 0. Let z(u) = u**3 - 5*u**2 - u + 5. Determine z(h).
0
Let x(l) be the first derivative of -15*l**2/2 + 3*l + 2. Let d be 52/(-24) - (-3)/18. Let f(o) = 5*o - 1. Let q(w) = d*x(w) - 7*f(w). Calculate q(2).
-9
Let q(m) = m**3 + 5*m**2 - 9*m - 4. Let i be q(-6). Suppose 2*h - 8 = -h - u, -4*h + i = -2*u. Let l(a) = 2*a**h - 4*a**3 + a - 4*a**2 + 3*a**3. Determine l(3).
-6
Let y = 38 - 16. Suppose 5*m + h = 3*h - y, -5*m = 3*h + 17. Let p(l) = -l**2 - 7*l - 5. Determine p(m).
7
Let p(i) be the third derivative of -i**5/30 + i**4/4 - 2*i**3/3 + i**2. Let m = -17 + 21. What is p(m)?
-12
Let o(r) = r**2 + 4*r - 3. Let t be o(-5). Suppose -7*g = -8*g + t. Let z(u) = -2*u**2 + u + 2. Calculate z(g).
-4
Let a(w) = 4*w**2 - 2 + 2 - w**3 + 7*w - 6. Let m be 46/8 + (-9)/12. What is a(m)?
4
Let p(b) be the third derivative of b**4/12 + b**3/3 + 23*b**2. Calculate p(-2).
-2
Let x(d) = 5*d - 4. Let w(g) = -g**2 - 5*g + 2. Let f be w(-5). Suppose 9 = 5*t - f*t. Give x(t).
11
Suppose o + 4*o + 2*r - 10 = 0, 2*o - r + 5 = 0. Let p = 34 + -30. Let q(a) = 6*a - 1 + 0 - p*a + o. Calculate q(4).
7
Let o(m) = m**2 + 1 + 18 - 10 + 7*m + 0*m. Determine o(-8).
17
Suppose 0 = -3*c - 0 + 9. Suppose 8*o = c*o - 10. Let x(q) = -q. Give x(o).
2
Suppose -5*c + h - 26 = -h, -2*c = 4*h + 20. Let k(m) = -m**2 + m**2 + m**2 - 1 + 4*m**2 - 8*m + m**3. What is k(c)?
11
Suppose -s - 2*a + 8 = 0, 10 = -4*a + 6*a. Let m(y) = -3*y - 3. Give m(s).
3
Suppose 0 = 3*y + 3*z - 10 + 4, 2*z - 2 = -y. Let w(l) = -8*l - 9*l + 11 + 14*l - 13. Give w(y).
-8
Suppose -5*g - 2*i = -11, i + 16 = 4*g - i. Suppose -16 = -r - 4*l, -g*r + r = -2*l + 18. Let b(u) = -u**3 - 4*u**2 + 2*u - 1. Determine b(r).
-9
Suppose -2*o + 2 = -4. Let q(l) = -4 - 1 + o - 4 - 2*l. What is q(-5)?
4
Let c(p) be the third derivative of p**4/24 - p**3/3 - p**2. Let o be c(2). Let m(g) = -2*g**2 - 2*g + g**2 - 2 + 1 + o. Give m(2).
-9
Let q(j) = -2*j**2 + j**3 + 2*j**2. Let h be q(-2). Let a = 6 + h. Let u(p) = -3*p - 2. Determine u(a).
4
Let v = -3 - -6. Let l(t) = -6*t**2 + 4*t - 2*t + 2*t**2 + v + 3*t**2. What is l(3)?
0
Suppose 7 + 3 = -2*x. Let f(a) = -16*a**3 - 36*a**2 - 21*a - 5. Let d(h) = 3*h**3 + 7*h**2 + 4*h + 1. Let k(z) = -11*d(z) - 2*f(z). What is k(x)?
9
Let s(h) = 2*h**3 + 2*h**2 + 2*h + 1. Let r(w) = w**3 + w + 1. Let j(i) = 3*r(i) - s(i). Give j(2).
4
Let x(z) = -5*z + 31*z**2 + 20*z**2 - 52*z**2 - 2. Determine x(-5).
-2
Let q be (2/(-4))/((-2)/12). Let y = q + -4. Let k(f) = -2*f**2 - f - 5. Let i(g) = 7*g**2 + 3*g + 14. Let d(l) = 4*i(l) + 11*k(l). What is d(y)?
6
Let l be (0/(-2))/(6 - 2). Let k = 2 - -1. Let w(z) = -3*z**3 + 4*z**2 + 7. Let r(f) = -2*f**3 + 3*f**2 + 6. Let o(c) = k*w(c) - 4*r(c). Give o(l).
-3
Let x(y) = 2*y**3 - 3*y**2 + y - 2. Let t be (-2)/4*-2*3. Let v = 5 - t. Calculate x(v).
4
Let y(m) = 4*m + 1. Let u(p) = 1 - p + 2*p + 2*p. Let c(b) = -3*u(b) + 2*y(b). What is c(-1)?
0
Suppose -3*i = -4*i. Suppose -4 + i = -f. Let u(w) = w**3 - 3*w**2 - 4*w + 1. What is u(f)?
1
Let p(v) = -9*v - 1. Let n(s) = s + 5. Let o be n(-3). Let u = 3 + 0. Suppose -u*f = o*b - 7, -f = 4*b + f - 2. What is p(b)?
8
Let y(b) be the first derivative of -b**3/3 - b**2/2 + 8*b + 4. What is y(0)?
8
Let k(a) be the first derivative of 2 - 4/3*a**3 + 3*a**2 + a - 1/4*a**4. Give k(-5).
-4
Let t = -10 - -7. Let g(c) = c**2 + 3*c + 4. Determine g(t).
4
Let a(w) = -w**3 - w**2 + 2*w - 4. Let p(s) = s**2 + s + 1. Let h be p(-2). Suppose -8*u = -h*u + 15. Give a(u).
8
Let d(o) be the third derivative of -13*o**9/60480 - o**8/10080 - o**7/5040 + o**5/20 + 3*o**2. Let l(j) be the third derivative of d(j). Give l(-1).
12
Let c(x) be the third derivative of x**7/840 + x**6/90 - x**5/120 + x**4/12 + x**3/2 - x**2. Let z(n) be the first derivative of c(n). Give z(-4).
6
Let u be (-22)/4 - 3/6. Let d(p) = p**2 + 6*p - 7. Calculate d(u).
-7
Suppose 5*b - 12 = -2*n + b, 0 = -4*b + 8. Suppose -3*f - 4*z = n - 1, 0 = -5*z + 10. Let x(d) = 3 - 3*d + 2*d + 0 + 0*d. Calculate x(f).
6
Let q(n) = -n - 12 + 10 + 5 + 1. Give q(9).
-5
Suppose -19*j + 20 = -24*j. Let i(d) = 3*d - 4. What is i(j)?
-16
Let v(z) = z**2 + 5*z - 5. Let q = 34 - 24. Suppose -2*y = -0*y + q. Calculate v(y).
-5
Let m(v) = v - 11. Let i(o) = -o + 2. Let x be i(2). Determine m(x).
-11
Let g(v) = v**3 + 24*v**2 + 22*v - 17. Let x be g(-23). Let i(t) = -1 - t + 2 + 0. What is i(x)?
-5
Suppose -10*j + 5 = -5*j. Let a(i) = -12*i**2. Calculate a(j).
-12
Let y(c) = -19*c**3 + 1. Let n(i) = 39*i**3 - 3. Let b(f) = -2*n(f) - 5*y(f). Give b(1).
18
Let a(d) be the second derivative of 3*d + 3*d**2 - 1/12*d**4 + 1/2*d**3 + 0. Calculate a(5).
-4
Let v be (3/(-4))/(135/48 + -3). Let u(c) be the second derivative of c**4/12 - c**3/3 + c**2/2 - c. Determine u(v).
9
Let q(v) = v**3 + 1 - 53*v**2 + 7*v + 28*v**2 + 18*v**2. Calculate q(5).
-14
Let f(k) be the third derivative of -k**5/30 + k**3/6 - 28*k**2. What is f(-1)?
-1
Let s(g) = -g**2 + 8*g + 3. Let u be s(8). Suppose 5*t = -2*n + 21, u*n = -3*t - 0*t + 18. Let o(v) = -5*v + 3 + 2*v**2 + 1 - n - v**2. Give o(4).
-3
Let f be (-3)/(-2)*(-48)/(-12). Let n(t) = t**3 - 5*t**2 - 4*t - 5. Give n(f).
7
Let o(b) = b - 10. Let l(n) = n**2 - 6*n + 8. Let f = 17 - 11. Let m be l(f). Let u = 8 - m. Calculate o(u).
-10
Let g = 13 + -10. Let a(y) = 10*y + 2*y**3 - 5*y - y**g - 5 + 7*y**2. Determine a(-5).
20
Suppose 1 = -3*x + 16. Suppose u + 3*s = 6 - 3, 4*s = -u + x. Let n(r) = r**2 + 4*r. What is n(u)?
-3
Let p(j) = j**3 - 2*j**2 - 3*j + 7. Let v(u) = -2*u**3 + 4*u**2 + 6*u - 15. Let o(l) = -9*p(l) - 4*v(l). What is o(2)?
3
Let w = 10 - 7. Suppose 0 = 4*s - w + 15. Let z(k) be the third derivative of k**4/8 + k**3/3 - 2*k**2. Give z(s).
-7
Suppose 4*n + t + 21 = -40, 0 = n + t + 16. Let d = n - -16. Let r(a) = a + 1. Calculate r(d).
2
Let m(v) = 2*v**2 - 1. Let f(k) = k**3 + 2*k**2 + 3*k + 4. Let p be f(-2). Determine m(p).
7
Suppose 11*x - 5*x = -18. Let q(c) = c**3 + 3*c**2 - 2*c - 4. Determine q(x).
2
Let s(u) = u**2 - u + 1. Let j be s(1). Let z(k) = -3*k**2 + k**3 + 0*k + j - k + 0*k. Determine z(3).
-2
Let n(t) = -t**3 - 10*t**2 + 6*t + 13. Let u(o) = -o**2 - o + 2. Let x(z) = -n(z) + 3*u(z). Calcu